{"id":3890,"date":"2025-11-01T17:17:31","date_gmt":"2025-11-01T16:17:31","guid":{"rendered":"https:\/\/www.naturfoto-zimmert.com\/?post_type=zim-event&#038;p=3890"},"modified":"2025-11-25T17:19:40","modified_gmt":"2025-11-25T16:19:40","slug":"landschaftsfotografie-in-oesterreich","status":"publish","type":"zim-event","link":"https:\/\/www.naturfoto-zimmert.com\/en\/event\/landschaftsfotografie-in-oesterreich\/","title":{"rendered":"Landschaftsfotografie in \u00d6sterreich"},"content":{"rendered":"<p>Tauche ein in die Welt der Landschaftsfotografie, einem klassischen Genre mit zeitloser Faszination. Gerhard Zimmert zeigt dir anhand beeindruckender Bildbeispiele die Vielfalt der \u00f6sterreichischen Landschaften \u2013 von \u00dcbersichtsfotos bis hin zu detailreichen Aufnahmen.<\/p>\n<p>You will learn about the most important compositional elements and how to consciously use depth in your two-dimensional images to achieve impressive results. In addition, you can view some of my works in the accompanying exhibition and find inspiration for your own projects.<\/p>","protected":false},"excerpt":{"rendered":"<p>Die Bildwirkung entscheidet, ob sich eine Person von einem Bild angesprochen f\u00fchlt oder nicht. Sie ist damit ein Schl\u00fcsselelement, mit dem jede FotografIn vertraut sein sollte. Im Seminar wird mit den Teilnehmern die Wirkung von ausgew\u00e4hlten Bildbeispielen diskutiert und die zugrundeliegende Theorie erl\u00e4utert.<\/p>","protected":false},"featured_media":3888,"template":"","event-typ":[12],"class_list":["post-3890","zim-event","type-zim-event","status-publish","has-post-thumbnail","hentry","event-typ-seminar-vortrag"],"acf":[],"_links":{"self":[{"href":"https:\/\/www.naturfoto-zimmert.com\/en\/wp-json\/wp\/v2\/zim-event\/3890","targetHints":{"allow":["GET"]}}],"collection":[{"href":"https:\/\/www.naturfoto-zimmert.com\/en\/wp-json\/wp\/v2\/zim-event"}],"about":[{"href":"https:\/\/www.naturfoto-zimmert.com\/en\/wp-json\/wp\/v2\/types\/zim-event"}],"version-history":[{"count":1,"href":"https:\/\/www.naturfoto-zimmert.com\/en\/wp-json\/wp\/v2\/zim-event\/3890\/revisions"}],"predecessor-version":[{"id":3891,"href":"https:\/\/www.naturfoto-zimmert.com\/en\/wp-json\/wp\/v2\/zim-event\/3890\/revisions\/3891"}],"wp:featuredmedia":[{"embeddable":true,"href":"https:\/\/www.naturfoto-zimmert.com\/en\/wp-json\/wp\/v2\/media\/3888"}],"wp:attachment":[{"href":"https:\/\/www.naturfoto-zimmert.com\/en\/wp-json\/wp\/v2\/media?parent=3890"}],"wp:term":[{"taxonomy":"event-typ","embeddable":true,"href":"https:\/\/www.naturfoto-zimmert.com\/en\/wp-json\/wp\/v2\/event-typ?post=3890"}],"curies":[{"name":"wp","href":"https:\/\/api.w.org\/{rel}","templated":true}]}}

Landschaftsfotografie in Österreich

<p>Tauche ein in die Welt der Landschaftsfotografie, einem klassischen Genre mit zeitloser Faszination. Gerhard Zimmert zeigt dir anhand beeindruckender Bildbeispiele die Vielfalt der österreichischen Landschaften – von Übersichtsfotos bis hin zu detailreichen Aufnahmen.</p>
<p>You will learn about the most important compositional elements and how to consciously use depth in your two-dimensional images to achieve impressive results. In addition, you can view some of my works in the accompanying exhibition and find inspiration for your own projects.</p>

<p>Die Bildwirkung entscheidet, ob sich eine Person von einem Bild angesprochen fühlt oder nicht. Sie ist damit ein Schlüsselelement, mit dem jede FotografIn vertraut sein sollte. Im Seminar wird mit den Teilnehmern die Wirkung von ausgewählten Bildbeispielen diskutiert und die zugrundeliegende Theorie erläutert.</p>
