{"id":3886,"date":"2025-11-01T17:13:30","date_gmt":"2025-11-01T16:13:30","guid":{"rendered":"https:\/\/www.naturfoto-zimmert.com\/?post_type=zim-event&#038;p=3886"},"modified":"2025-11-25T17:40:26","modified_gmt":"2025-11-25T16:40:26","slug":"makrofotografie","status":"publish","type":"zim-event","link":"https:\/\/www.naturfoto-zimmert.com\/en\/event\/makrofotografie\/","title":{"rendered":"Makrofotografie"},"content":{"rendered":"<p>Beim Workshop von Gerhard Zimmert erh\u00e4ltst du praxisnahe Einblicke in die Welt der Makrofotografie. Du lernst, wie du technische und physikalische Herausforderungen meisterst, um beeindruckende Nahaufnahmen zu erzielen. Gerhard zeigt dir, wie spiegellose Kameras mit Fokusstacking und lautloser Ausl\u00f6sung die Arbeit erleichtern. Neben technischen Features stehen auch kreative Faktoren wie Bildausschnitt, Perspektive und Timing im Fokus. Dieser Workshop ist perfekt f\u00fcr alle, die ihre F\u00e4higkeiten in der Makrofotografie vertiefen m\u00f6chten und dabei praktische Tipps und Tricks vom Experten erhalten.<\/p>","protected":false},"excerpt":{"rendered":"<p>Welche technischen und physikalischen Herausforderungen erwarten dich in der Makrofotografie?<\/p>","protected":false},"featured_media":3889,"template":"","event-typ":[11],"class_list":["post-3886","zim-event","type-zim-event","status-publish","has-post-thumbnail","hentry","event-typ-workshop"],"acf":[],"_links":{"self":[{"href":"https:\/\/www.naturfoto-zimmert.com\/en\/wp-json\/wp\/v2\/zim-event\/3886","targetHints":{"allow":["GET"]}}],"collection":[{"href":"https:\/\/www.naturfoto-zimmert.com\/en\/wp-json\/wp\/v2\/zim-event"}],"about":[{"href":"https:\/\/www.naturfoto-zimmert.com\/en\/wp-json\/wp\/v2\/types\/zim-event"}],"version-history":[{"count":3,"href":"https:\/\/www.naturfoto-zimmert.com\/en\/wp-json\/wp\/v2\/zim-event\/3886\/revisions"}],"predecessor-version":[{"id":3897,"href":"https:\/\/www.naturfoto-zimmert.com\/en\/wp-json\/wp\/v2\/zim-event\/3886\/revisions\/3897"}],"wp:featuredmedia":[{"embeddable":true,"href":"https:\/\/www.naturfoto-zimmert.com\/en\/wp-json\/wp\/v2\/media\/3889"}],"wp:attachment":[{"href":"https:\/\/www.naturfoto-zimmert.com\/en\/wp-json\/wp\/v2\/media?parent=3886"}],"wp:term":[{"taxonomy":"event-typ","embeddable":true,"href":"https:\/\/www.naturfoto-zimmert.com\/en\/wp-json\/wp\/v2\/event-typ?post=3886"}],"curies":[{"name":"wp","href":"https:\/\/api.w.org\/{rel}","templated":true}]}}

<p>Beim Workshop von Gerhard Zimmert erhältst du praxisnahe Einblicke in die Welt der Makrofotografie. Du lernst, wie du technische und physikalische Herausforderungen meisterst, um beeindruckende Nahaufnahmen zu erzielen. Gerhard zeigt dir, wie spiegellose Kameras mit Fokusstacking und lautloser Auslösung die Arbeit erleichtern. Neben technischen Features stehen auch kreative Faktoren wie Bildausschnitt, Perspektive und Timing im Fokus. Dieser Workshop ist perfekt für alle, die ihre Fähigkeiten in der Makrofotografie vertiefen möchten und dabei praktische Tipps und Tricks vom Experten erhalten.</p>
